 Calculate the highest common divisor of 45 and o.
9
Let n be ((-7)/3)/((-5)/15). Calculate the highest common divisor of n and 77.
7
Suppose 0 = -q + 71 + 79. What is the highest common factor of 50 and q?
50
Let i(t) = t**2 - 5*t + 7. Let x be ((-6)/(-10))/((-1)/(-10)). Let a be i(x). Let u(b) = 105*b - 1. Let k be u(1). What is the highest common factor of a and k?
13
Let c(k) = -k**3 + 2*k - 3. Let i be c(-3). Let j(v) = 3*v**2 + 2*v + 6. Let b be j(6). What is the greatest common divisor of b and i?
18
Let y(t) = -t**2 + 13*t + 3. Let r be y(9). What is the highest common factor of r and 13?
13
Suppose -3*q + 4*q - 9 = 0. What is the highest common factor of 90 and q?
9
Suppose -l + 16 = -8. Calculate the highest common divisor of 264 and l.
24
Suppose -12 = 5*s - 92. Suppose 0*n - 5*n = -720. What is the highest common divisor of n and s?
16
Let d(g) = -4*g**3 + 5*g**2 + 5*g - 3. Let w be d(-3). Calculate the highest common factor of w and 27.
27
Suppose -8*v + 1725 - 445 = 0. What is the highest common factor of v and 64?
32
Suppose -5*k + 3*y = -366, 3*k - 3*y - 6 - 216 = 0. Calculate the highest common divisor of 18 and k.
18
Suppose -3*y - 2*z - 658 = 0, 3*z + 221 = -y + 4*z. Let t = 143 + y. Let j = -22 - t. What is the highest common divisor of j and 11?
11
Let p = 282 + -44. Let d = p + -161. Calculate the highest common factor of d and 11.
11
Let g be (-61)/(-6) + (-3)/18. What is the highest common divisor of 20 and g?
10
Suppose -2*h = -h - 10. Suppose -3*w + 38 = -1. Suppose -2*p = -4*k + 46, p = -2*k + 4 + w. What is the greatest common factor of k and h?
10
Suppose 4*f - 33 - 35 = 0. What is the highest common factor of 187 and f?
17
Let o(j) = 2 - 6*j - 4*j + 1 + 4*j + 5*j**2. Let c be o(4). Suppose 4*p = -t + 3*t + 72, -3*p - t + c = 0. Calculate the greatest common divisor of 76 and p.
19
Let l(s) = 2*s**2 - s - 1. Let n be l(-1). Let a be -4*((-38)/(-8) - n). Let q(w) = -w + 5. Let u be q(a). What is the highest common factor of u and 2?
2
Let j = 28 - 4. Suppose 0 = -3*h + 6 + 6, 0 = -5*n - 5*h + 200. What is the greatest common divisor of j and n?
12
Let r = 4 + 10. Suppose c + c = r. Calculate the greatest common factor of 77 and c.
7
Let c = 10 + -7. Suppose -5*w - c = -68. Calculate the greatest common divisor of 26 and w.
13
Let y(x) = 5*x**3 - 4*x + 2. Let c be y(3). Let h(f) = 2*f**2 - 7*f + 3. Let i be h(8). Let o = c - i. Calculate the highest common divisor of 20 and o.
10
Suppose 2*l - 5*u - 661 = 0, -2*l - 2*u - 2*u = -688. Suppose -3*k = -l + 68. Suppose 0*v + 4*v = 40. Calculate the highest common factor of k and v.
10
Let q be ((-2)/3)/(2/12). Let j be -4 - q*(26 + -3). What is the highest common factor of 22 and j?
22
Let t be (6/4)/(2/12). Suppose 0 = -4*c - p - 24, -2*p = 6*c - c + 27. Let q(n) = -4*n - 10. Let u be q(c). What is the greatest common factor of u and t?
9
Let n(t) = 41*t**3 - 2*t + 1. Let u be n(1). Suppose -5*q + 142 = -2*r, -3*r = -2*q + 2*r + u. What is the greatest common factor of q and 75?
15
Suppose -u - 4*u = -5*i - 250, -5*u - 4*i = -205. What is the greatest common divisor of 5 and u?
5
Let w = -3 + 3. Suppose w = -n + 4*q + 25, 25 = 5*n - 2*q + 7*q. Let a be 102 + (-5)/((-15)/(-9)). What is the highest common divisor of a and n?
9
Let r(f) be the first derivative of 11*f**4/4 - 2*f**3/3 + f - 2. Let n be r(1). What is the greatest common divisor of 30 and n?
10
Let x(z) = 55*z**3 + 42*z**3 + z + 45*z**3. Let i be x(1). Let v be 13/2*(3 - 1). What is the greatest common divisor of v and i?
13
Let o be 1*1*(-2 + 8). Let g = 40 - 16. Let a = g + 6. Calculate the greatest common divisor of a and o.
6
Let l be (-33)/(-11)*(-1)/(-1). Let z be ((-192)/(-80))/(l/20). Calculate the greatest common divisor of 8 and z.
8
Let j(z) = -33*z - 9. Let n be j(-3). What is the greatest common divisor of 18 and n?
18
Let h be 4 + (-2 + 14)/(-4). Let a = -1 - -1. Let x be (-28)/(-2) - (a + h). What is the highest common divisor of 52 and x?
13
Let v = -50 + 122. Calculate the highest common factor of v and 90.
18
Suppose 0 = h - 3*h + 20. Calculate the greatest common factor of h and 50.
10
Let d be 9/6 + (-2)/(-4). Calculate the highest common divisor of d and 8.
2
Let b be -9*((-48)/9 + 2). Let p = b - 2. Suppose 5*j - 21 = -r, -3*j + 11 + 2 = r. What is the highest common factor of p and j?
4
Let b(w) = 3*w + 16. Let k be b(-4). Calculate the highest common factor of k and 10.
2
Suppose 1 = 3*q - 14. Suppose 2*w - q = -3. Calculate the highest common divisor of 10 and w.
1
Let k be 18*8/12 + -3. Let f = 123 - 51. What is the greatest common factor of f and k?
9
Let h be (4/(-6))/((-2)/12). Suppose 2*x + 91 = 3*x + 3*u, -u + 353 = h*x. Suppose -6*a = -a - 55. Calculate the highest common factor of a and x.
11
Let h(i) = -2*i**3 - 9*i**2 - 2*i + 4. Let d be h(-6). Suppose 3*m = 5*c - 231, 5*c + 2*m = d + 122. What is the greatest common divisor of 32 and c?
16
Let z be ((-2)/(-3))/(2/30). Let l be (-93)/(-5) + (-10)/(-25). Let d = -9 + l. What is the greatest common divisor of d and z?
10
Suppose -59 = -2*p - 5*i, 0*i = -3*p - i + 69. What is the greatest common divisor of 2 and p?
2
Let d = -15 + 47. Let o(u) = u**2 + u + 48. Let g be o(0). What is the greatest common factor of d and g?
16
Suppose 8 + 1 = 9*t. What is the greatest common factor of t and 4?
1
Suppose 404 = -3*g - 712. Let i = 597 + g. Let z be ((-2)/6)/((-3)/i). Calculate the highest common factor of 10 and z.
5
Suppose 5*t = t + 136. Suppose 5*j - 21 = 4*y, 3*y + 5*j = j + 23. Let q be (3/6)/(y/t). Calculate the greatest common divisor of q and 34.
17
Let b(n) = -n**2 + 5*n + 1. Let z be b(4). Suppose -z*u + 336 = -204. Calculate the greatest common divisor of 12 and u.
12
Let x(v) = -3*v + 1. Let i be x(-1). Suppose -3*l - 4 = -i*l. What is the highest common divisor of 28 and l?
4
Let g = 79 + -39. Suppose 47 = 3*r + c, 0*r = -r - c + 15. What is the highest common factor of g and r?
8
Let f(s) = -6*s - 7. Let y be f(-7). Suppose i - 3*j = 40, i - 4*j + 0*j - y = 0. What is the greatest common factor of i and 5?
5
Suppose -5*p = -2*j + 17, -7*p - 39 = -4*j - 2*p. What is the greatest common divisor of 121 and j?
11
Let n be 10 + -9 - (-1 - -5). Let p = 1 - n. What is the greatest common divisor of 2 and p?
2
Let n be 26/4 - (-1)/2. Suppose 20 = n*r - 3*r. Suppose -p + 10 = -0. Calculate the highest common factor of r and p.
5
Let q be 3/(-6*(-2)/(-8)). Let r(c) = c**3 + c**2 - 3*c - 1. Let l be r(q). What is the greatest common divisor of 10 and l?
1
Let v be 26 + (2 - 2 - 3). Calculate the highest common factor of v and 1.
1
Let l(r) = r**3 - r**2 + 2*r - 3. Let u be l(2). Suppose 4*p - 87 = 93. Calculate the highest common divisor of p and u.
5
Suppose -5*z - 40 = -4*r, -3*z - 2*z - 25 = -3*r. What is the greatest common divisor of 120 and r?
15
Suppose -195 = -4*r - 5*n + 243, 2*n = r - 116. Let j = 231 - r. What is the greatest common divisor of j and 17?
17
Let n = -1 - -1. Suppose -l - 3 = n, -2*w + l - 40 = 5*l. Let v = w + 35. Calculate the greatest common divisor of 7 and v.
7
Suppose 10*u - 2*u - 120 = 0. Calculate the highest common factor of u and 60.
15
Suppose -5*k = 5*x, 0 = -0*x - 5*x + 4*k + 45. Suppose -35 = -x*h + 50. Let u(b) = -12*b - 2. Let n be u(-3). Calculate the highest common divisor of h and n.
17
Suppose 2*f + 2*x = 8, -2*f = 3*x - 10 - 2. Suppose q + 2 = f, 2*q + 10 = 2*l - l. Let z = -67 + 121. What is the greatest common factor of z and l?
6
Suppose -3*l + 48 = -0*l. Suppose 0*o + 2*b = 4*o - 10, -2*o + 3*b - 1 = 0. What is the greatest common factor of l and o?
4
Suppose -11 = -w + 4*h, -3*h + 10 = 4*w - 2*h. Let t(s) = 3*s**2 + 4*s - s**3 - 3 + 3 - 2. Let d be t(w). Calculate the highest common factor of d and 40.
10
Let f be (-5)/((-10)/24)*5/10. Calculate the greatest common divisor of 72 and f.
6
Let w be ((-18)/(-15))/((-1)/(-5)). Suppose -4*y + 34 - w = 0. Let x(c) = -c**2 - 7*c - 3. Let m be x(-5). Calculate the highest common factor of y and m.
7
Let t be 15 + 4 + 1 + -2. Calculate the highest common factor of 6 and t.
6
Suppose 101 = b - 7. Suppose 2*c - 4*q = -3*c + 80, 5*q + 49 = 2*c. Calculate the highest common divisor of c and b.
12
Suppose 0*m + 5*m = 245. Calculate the gre